greatest common factor of 243 and 9.
9
Calculate the greatest common divisor of 507 and 11323.
169
What is the greatest common divisor of 559 and 43?
43
What is the greatest common divisor of 75 and 960?
15
Calculate the highest common factor of 52 and 195.
13
What is the highest common factor of 6010 and 10?
10
Calculate the greatest common divisor of 375 and 7375.
125
What is the highest common divisor of 196 and 7546?
98
Calculate the highest common divisor of 1460 and 120.
20
What is the greatest common divisor of 378 and 84?
42
What is the highest common divisor of 14 and 7224?
14
What is the greatest common factor of 517 and 329?
47
What is the greatest common factor of 34 and 34?
34
Calculate the greatest common divisor of 1794 and 138.
138
Calculate the highest common divisor of 126 and 6531.
21
What is the greatest common divisor of 82 and 2?
2
What is the highest common factor of 3379 and 109?
109
What is the highest common divisor of 22139 and 1183?
169
What is the greatest common factor of 6174 and 126?
126
Calculate the highest common divisor of 33 and 231.
33
What is the highest common divisor of 561 and 33?
33
Calculate the greatest common factor of 36 and 522.
18
Calculate the greatest common factor of 146 and 146.
146
Calculate the greatest common divisor of 756 and 204.
12
Calculate the greatest common factor of 24 and 328.
8
Calculate the greatest common divisor of 29953 and 77.
77
What is the greatest common factor of 21 and 168?
21
What is the greatest common factor of 36 and 84?
12
What is the greatest common divisor of 1024 and 32?
32
Calculate the greatest common divisor of 240 and 15.
15
Calculate the greatest common divisor of 2076 and 865.
173
Calculate the highest common factor of 13 and 754.
13
Calculate the greatest common factor of 10 and 15.
5
Calculate the greatest common factor of 560 and 1890.
70
Calculate the greatest common divisor of 90 and 102.
6
Calculate the greatest common factor of 203 and 77.
7
What is the highest common divisor of 420 and 2135?
35
What is the greatest common divisor of 176 and 96?
16
What is the highest common divisor of 42 and 210?
42
Calculate the greatest common factor of 352 and 32.
32
Calculate the greatest common divisor of 20 and 770.
10
What is the highest common factor of 22 and 4246?
22
Calculate the highest common divisor of 343 and 7.
7
What is the greatest common factor of 1380 and 575?
115
Calculate the highest common factor of 1651 and 325.
13
What is the greatest common divisor of 32 and 928?
32
What is the highest common factor of 145 and 1160?
145
What is the highest common divisor of 133 and 171?
19
Calculate the highest common divisor of 33 and 20185.
11
Calculate the highest common factor of 108 and 45.
9
What is the highest common divisor of 98 and 84?
14
Calculate the highest common factor of 4 and 92.
4
What is the highest common divisor of 6345 and 270?
135
Calculate the highest common divisor of 1564 and 368.
92
What is the highest common factor of 38186 and 244?
122
What is the highest common divisor of 923 and 78?
13
Calculate the greatest common divisor of 80 and 8720.
80
What is the greatest common factor of 561 and 132?
33
What is the highest common factor of 80 and 2560?
80
Calculate the highest common divisor of 154 and 3773.
77
What is the greatest common factor of 384 and 432?
48
What is the greatest common divisor of 2 and 9?
1
What is the greatest common factor of 26 and 12?
2
Calculate the highest common factor of 90 and 2130.
30
What is the highest common factor of 48 and 4188?
12
What is the greatest common factor of 137817 and 9?
9
What is the greatest common divisor of 123 and 328?
41
What is the highest common factor of 1554 and 74?
74
Calculate the highest common factor of 2560 and 896.
128
What is the greatest common factor of 275 and 33?
11
Calculate the greatest common factor of 108 and 27.
27
Calculate the highest common divisor of 130 and 26.
26
What is the greatest common divisor of 742 and 126?
14
What is the greatest common divisor of 1242 and 54?
54
What is the highest common divisor of 145 and 261?
29
Calculate the greatest common divisor of 42 and 8414.
14
What is the greatest common divisor of 2150 and 86?
86
Calculate the highest common factor of 5971 and 14.
7
What is the highest common divisor of 2350 and 150?
50
Calculate the highest common factor of 5208 and 672.
168
Calculate the highest common divisor of 81 and 2.
1
What is the greatest common divisor of 44 and 182?
2
What is the greatest common factor of 910 and 26?
26
Calculate the greatest common divisor of 1185 and 15.
15
What is the highest common divisor of 56 and 15064?
56
What is the greatest common factor of 70 and 3920?
70
What is the highest common divisor of 80 and 1840?
80
Calculate the highest common divisor of 27974 and 788.
394
Calculate the greatest common factor of 1118 and 344.
86
What is the highest common divisor of 142 and 355?
71
Calculate the greatest common factor of 128 and 416.
32
Calculate the highest common divisor of 144 and 84.
12
Calculate the greatest common divisor of 324 and 354.
6
What is the highest common divisor of 204 and 12?
12
What is the greatest common factor of 140 and 13265?
35
Calculate the greatest common divisor of 5 and 65.
5
What is the greatest common factor of 184 and 8?
8
What is the greatest common factor of 280 and 12530?
70
What is the highest common factor of 32 and 176?
16
What is the highest common divisor of 465 and 45?
15
What is the highest common divisor of 3 and 93?
3
What is the greatest common factor of 1486 and 2?
2
Calculate the greatest common divisor of 949 and 26.
13
Calculate the greatest common divisor of 15 and 933.
3
What is the greatest common factor of 4460 and 180?
20
Calculate the greatest common divisor of 69 and 184.
23
What is the greatest common divisor of 84 and 300?
12
What is the highest common divisor of 1552 and 32?
16
What is the highest common factor of 22 and 407?
11
What is the highest common divisor of 259 and 119?
7
Calculate the highest common divisor of 94 and 47.
47
Calculate the highest common factor of 44 and 12100.
44
What is the greatest common factor of 10767 and 1455?
291
What is the highest common divisor of 500 and 4?
4
Calculate the highest common factor of 43 and 387.
43
What is the greatest common factor of 126 and 288?
18
What is the greatest common divisor of 32 and 2336?
32
Calculate the highest common factor of 341 and 253.
11
Calculate the highest common divisor of 320 and 20.
20
Calculate the highest common divisor of 13 and 5447.
13
Calculate the highest common divisor of 360 and 440.
40
Calculate the greatest common divisor of 1807 and 13.
13
Calculate the highest common factor of 1365 and 45.
15
What is the highest common factor of 31809 and 69?
69
Calculate the highest common divisor of 672 and 357.
21
Calculate the highest common divisor of 96 and 30.
6
Calculate the highest common factor of 56 and 56.
56
What is the highest common factor of 488 and 915?
61
Calculate the greatest common divisor of 8192 and 32.
32
What is the greatest common divisor of 294 and 3626?
98
Calculate the highest common factor of 66 and 15.
3
Calculate the greatest common factor of 153 and 882.
9
What is the greatest common factor of 6 and 26?
2
Calculate the greatest common factor of 5 and 365.
5
Calculate the greatest common divisor of 23166 and 286.
286
Calculate the greatest common factor of 8568 and 96.
24
Calculate the highest common divisor of 3 and 43.
1
Calculate the highest common factor of 415 and 5.
5
What is the highest common divisor of 75 and 400?
25
What is the greatest common divisor of 1325 and 85?
5
What is the greatest common factor of 70 and 25?
5
Calculate the greatest common factor of 820 and 1148.
164
What is the highest common factor of 7857 and 567?
81
What is the highest common factor of 29 and 1073?
29
Calculate the highest common divisor of 1764 and 504.
252
What is the greatest common divisor of 1122 and 33?
33
Calculate the highest common divisor of 835 and 20.
5
Calculate the greatest common factor of 507 and 52.
13
Calculate the highest common divisor of 24003 and 21.
21
Calculate the greatest common factor of 2604 and 4.
4
What is the hig